atest common factor of 388 and 1067?
97
Calculate the highest common factor of 336 and 72.
24
What is the highest common divisor of 63 and 1113?
21
What is the greatest common factor of 8 and 3?
1
What is the highest common factor of 32 and 72?
8
Calculate the greatest common divisor of 575 and 25.
25
What is the greatest common divisor of 97 and 2?
1
Calculate the greatest common factor of 987 and 42.
21
Calculate the greatest common factor of 606 and 707.
101
Calculate the highest common divisor of 95 and 8379.
19
What is the greatest common divisor of 429 and 22?
11
What is the greatest common divisor of 561 and 33?
33
What is the greatest common divisor of 565 and 5?
5
Calculate the highest common factor of 86 and 172.
86
Calculate the greatest common factor of 3072 and 12.
12
What is the highest common factor of 11 and 2?
1
What is the greatest common divisor of 179 and 4117?
179
Calculate the greatest common divisor of 3 and 96.
3
What is the highest common factor of 79 and 44477?
79
Calculate the greatest common factor of 1405 and 40.
5
Calculate the greatest common factor of 160 and 70.
10
What is the highest common divisor of 32 and 3856?
16
What is the greatest common factor of 38958 and 258?
258
What is the greatest common divisor of 10 and 1905?
5
Calculate the greatest common factor of 567 and 81.
81
What is the highest common divisor of 5 and 135?
5
What is the greatest common divisor of 86 and 215?
43
Calculate the highest common factor of 65950 and 50.
50
What is the greatest common divisor of 14 and 133?
7
What is the greatest common divisor of 11 and 25399?
11
Calculate the highest common factor of 2 and 22.
2
What is the greatest common factor of 27 and 447?
3
Calculate the highest common divisor of 126 and 540.
18
What is the greatest common factor of 99 and 143?
11
What is the highest common divisor of 20 and 5120?
20
Calculate the greatest common factor of 38 and 209.
19
What is the highest common factor of 278 and 14873?
139
What is the greatest common divisor of 16 and 92?
4
Calculate the highest common factor of 15 and 375.
15
What is the highest common factor of 30 and 189?
3
What is the greatest common divisor of 13 and 3107?
13
Calculate the highest common divisor of 47 and 8.
1
What is the highest common factor of 2173 and 106?
53
What is the greatest common divisor of 200 and 1575?
25
Calculate the highest common factor of 396 and 13992.
132
Calculate the greatest common divisor of 207 and 99.
9
Calculate the highest common factor of 850 and 350.
50
Calculate the highest common divisor of 24 and 9192.
24
Calculate the highest common factor of 81 and 8343.
81
What is the highest common divisor of 96 and 42?
6
What is the highest common divisor of 266 and 112?
14
What is the greatest common factor of 66 and 1914?
66
Calculate the highest common divisor of 96 and 160.
32
What is the greatest common divisor of 308 and 140?
28
What is the greatest common factor of 6278 and 584?
146
What is the greatest common divisor of 3 and 1167?
3
Calculate the highest common divisor of 66 and 627.
33
What is the greatest common factor of 3 and 633?
3
Calculate the highest common divisor of 3088 and 32.
16
What is the highest common divisor of 5577 and 39?
39
What is the highest common factor of 247 and 114?
19
What is the highest common divisor of 8 and 824?
8
What is the greatest common divisor of 1458 and 18?
18
What is the greatest common divisor of 7488 and 26?
26
What is the greatest common factor of 994 and 1136?
142
What is the greatest common divisor of 280 and 4120?
40
Calculate the highest common factor of 8375 and 536.
67
What is the greatest common factor of 200 and 27800?
200
What is the greatest common divisor of 385 and 11?
11
What is the highest common factor of 30 and 1245?
15
Calculate the highest common divisor of 64 and 176.
16
What is the highest common factor of 324 and 48?
12
Calculate the greatest common factor of 182 and 28.
14
Calculate the greatest common factor of 107 and 749.
107
Calculate the highest common divisor of 166 and 581.
83
Calculate the greatest common factor of 143 and 26.
13
What is the greatest common factor of 2566 and 1?
1
Calculate the greatest common factor of 1017 and 113.
113
Calculate the greatest common divisor of 42 and 12.
6
Calculate the greatest common divisor of 21 and 2688.
21
Calculate the greatest common factor of 168 and 7.
7
Calculate the highest common divisor of 22 and 14894.
22
What is the greatest common divisor of 645 and 3354?
129
Calculate the greatest common factor of 90 and 396.
18
Calculate the greatest common divisor of 12 and 172.
4
Calculate the highest common divisor of 292 and 31244.
292
Calculate the highest common factor of 67 and 536.
67
What is the highest common divisor of 192 and 12?
12
What is the highest common factor of 75 and 6225?
75
What is the greatest common divisor of 289 and 119?
17
What is the greatest common divisor of 658 and 235?
47
Calculate the highest common factor of 2305 and 5993.
461
Calculate the greatest common factor of 42 and 72.
6
What is the highest common divisor of 244 and 854?
122
What is the greatest common divisor of 30 and 42?
6
What is the highest common divisor of 228 and 12?
12
What is the highest common divisor of 4240 and 80?
80
What is the greatest common divisor of 40 and 1112?
8
What is the highest common divisor of 3 and 447?
3
What is the greatest common factor of 8430 and 20?
10
Calculate the highest common factor of 495 and 55.
55
Calculate the highest common divisor of 3193 and 31.
31
What is the greatest common factor of 6 and 354?
6
What is the greatest common divisor of 7330 and 40?
10
Calculate the greatest common factor of 1192 and 745.
149
What is the highest common factor of 34 and 51306?
34
Calculate the greatest common factor of 494 and 26.
26
What is the highest common factor of 167 and 9?
1
Calculate the highest common divisor of 9 and 39.
3
What is the greatest common factor of 31 and 31?
31
Calculate the highest common factor of 50949 and 9.
9
Calculate the highest common divisor of 28 and 2.
2
Calculate the greatest common divisor of 17797 and 26.
13
Calculate the highest common divisor of 94 and 94.
94
What is the highest common factor of 1070 and 10?
10
What is the greatest common divisor of 21 and 93093?
21
What is the highest common factor of 190 and 38?
38
What is the greatest common divisor of 23 and 1081?
23
What is the highest common divisor of 1165 and 15?
5
What is the highest common factor of 231 and 24519?
33
What is the greatest common divisor of 388 and 4?
4
Calculate the highest common factor of 85 and 4165.
85
Calculate the highest common divisor of 6 and 18066.
6
What is the greatest common divisor of 3058 and 22?
22
Calculate the greatest common divisor of 72 and 2466.
18
Calculate the highest common factor of 108 and 3456.
108
Calculate the greatest common factor of 7470 and 180.
90
Calculate the highest common divisor of 308 and 2068.
44
Calculate the highest common divisor of 12 and 150.
6
What is the greatest common divisor of 27 and 36?
9
What is the highest common factor of 595 and 952?
119
What is the greatest common factor of 2941 and 4671?
173
Calculate the highest common factor of 242 and 66.
22
What is the greatest common divisor of 26 and 650?
26
What is the highest common factor of 4608 and 960?
192
What is the highest common factor of 180 and 40?
20
Calculate the greatest common divisor of 151931 and 31.
31
What is the highest common factor of 34 and 85?
17
What is the highest common divisor of 44 and 638?
22
What is the highest common divisor of 41612 and 101?
101
What is the highest common factor of 1248 and 1888?
32
What is the highest common divisor of 1078 and 176?
22
Calculate the greatest common divisor of 123 and 34809.
123
Calculate the highest common divisor of 22 and 1408.
22
Calculate the highest common divisor of 153 and 18.
9
Calculate the greatest common factor of 735 and 15.
15
Calculate the greatest common divisor of 33 and 2035.
11
What is the greatest common divisor of 44 and 84?
4
Calculate the highest common divisor of 4 and 34.
2
What is the greatest common factor of 44 and 209?
11
What is the greatest common factor of 704 and 33?
11
